1, 419
Let d(n) = n**2 + 17*n + 38. Let u(i) = 8*i + 19. Let o(f) = 2*d(f) - 5*u(f). Let l = -35 - -25. What are the prime factors of o(l)?
241
Let t = 7989 + -3785. Suppose 0 = 5*b - t + 899. List the prime factors of b.
661
Let h be 2 + (-12)/(-3) - 7. What are the prime factors of (h - -886)/(-9 + 10)?
3, 5, 59
Let z = 826 - 279. Let w = 20 + z. List the prime factors of w.
3, 7
Suppose -88*z + 110*z - 90420 = 0. List the prime factors of z.
2, 3, 5, 137
Let m(w) = -w**3 + 17*w**2 - 17*w + 15. Let k be m(16). Let p(g) = 621*g**2 + 2*g + 3. What are the prime factors of p(k)?
2, 311
Let c(l) = l**3 - 9*l**2 + 13*l + 6. Let k be c(7). Let h be k*(-9)/((-36)/(-8)). List the prime factors of h - (-36)/(-21) - (-2824)/14.
2, 101
Let z be 23/(-115) - 52998/10. Let n be (-6)/27 + -2 + z/45. Let r = n - -250. What are the prime factors of r?
2, 5, 13
Suppose 20*s - 260 = 18*s. Let u = s + 6. What are the prime factors of 6/(3 + u/(-46))?
2, 3, 23
Let y(u) = 4*u**2 + 1. Let k be y(-1). Suppose j + k*s - 502 = -j, -3*j - 3*s + 771 = 0. List the prime factors of j.
3, 29
List the prime factors of ((-438)/8 + 1/(-4))/(281/(-25290)).
2, 3, 5, 11
Let b be 75 - ((-9)/(-12))/((-3)/12). Let d = 72 - b. What are the prime factors of (663/(-9))/((-2)/d)*-1?
13, 17
Suppose 0 = -3*n - 127 + 511. Suppose -4*l + 45 = -2*f + l, 5*f + 3*l + 97 = 0. Let y = f + n. What are the prime factors of y?
2, 3
Let k = 11344 - 6303. What are the prime factors of k?
71
Let p(k) = 8*k**2 - 722*k + 65. What are the prime factors of p(-45)?
5, 7, 199
Let c be (-11 + -8 + 14)*1. Let a(b) = -129*b + 106. What are the prime factors of a(c)?
751
Let y = -63 - -64. Let t(h) = h**3 + 5*h**2 - 7*h. Let b be t(-6). List the prime factors of (-7)/(21/(-4))*b/y.
2
Suppose 3 = c - 2. Let b be c - 1 - (2 - 1). Suppose 206 = b*r + 56. List the prime factors of r.
2, 5
Let z be (1 - 0)/((-2)/(-14)). List the prime factors of (z/(-6))/7 + 8431/6.
5, 281
Let j(g) = 8*g**2 + g + 1. Let n be j(7). Let y = -229 + n. Suppose -3*f - x + 4*x + y = 0, -3*f + 173 = -5*x. List the prime factors of f.
2, 7
Suppose 315 = 5*u + 4*w - 920, -3*u + 768 = -3*w. Let f = u + -116. List the prime factors of f.
3, 5
Let p(l) be the first derivative of 71*l**4/4 + l**2 - l - 34. Let q = -24 - -25. What are the prime factors of p(q)?
2, 3
Let y = 23 + -14. Let s = y + -7. What are the prime factors of -1 - 3 - (s + -68)?
2, 31
List the prime factors of ((2 + 2)/4)/((-10)/(-152430)).
3, 5081
Suppose -4*o + 13330 = d, -2*d - 3*o - 66765 = -7*d. What are the prime factors of d?
2, 3, 5, 89
Let g = -62 - -470. Let l = 583 - g. Let n = l - -52. What are the prime factors of n?
227
What are the prime factors of 14/10 - (10 + (-3421432)/70 - -15)?
2, 13, 1879
Suppose -21*o + 189 = -0*o. Let k = 7 - 3. Suppose k*u - o*u = -580. List the prime factors of u.
2, 29
Suppose 0 = -4*t - 5*u - 2 - 10, 4*t + 2*u = 0. Suppose 0*j + 3*j + 5*r - 63 = 0, 5*r - 47 = -t*j. List the prime factors of 290/4 + j/32.
73
Suppose -12*m + 2 = -11*m. Suppose -2 = -4*y + 10. Suppose -v - m*q = -103, y*v = q + 24 + 257. List the prime factors of v.
5, 19
Let g be (-4)/58 - 31964/(-1769). Suppose -g*c = -11838 - 5856. What are the prime factors of c?
983
Let i(a) = a - 1. Let b be i(24). Suppose 4*u - 797 = b. List the prime factors of u.
5, 41
Let n(o) = 198*o**2 - 138*o + 1925. What are the prime factors of n(14)?
7, 23, 241
Let j = -1771 - -1010. Let s = 1149 + j. List the prime factors of s.
2, 97
Let b = -8361 - -92624. What are the prime factors of b?
84263
Suppose 0 = -17*l + 35*l - 378. Suppose l*m = -0*m + 1953. List the prime factors of m.
3, 31
Let m = -72 - 815. Let c = 1350 + m. What are the prime factors of c?
463
Suppose -5*j + 2417 + 17562 = 4*c, j - 14987 = -3*c. List the prime factors of c.
2, 1249
Let i(f) = 226*f - 1027. What are the prime factors of i(43)?
3, 2897
Suppose -308 = -2*t + 3*d, 2*d + 306 = 3*t - t. Suppose -5*j = -o - t, -j - 3*j - 5*o + 144 = 0. Suppose -j*x + 285 = -28*x. List the prime factors of x.
5, 19
Let j = 147 + -371. Let k = j - -436. Let u = -117 + k. What are the prime factors of u?
5, 19
Suppose -3*g - 3*r = -48897, -5*r = -14*g + 16*g - 32607. What are the prime factors of g?
2, 3, 7, 97
Suppose -128618 = -34*a + 610542. What are the prime factors of a?
2, 5, 1087
Let o(c) = c**3 + c - 10. Let m be 5 + -9 + 4 - (-1 - -1). Let w be o(m). What are the prime factors of (0 - (-8)/w)/((-2)/50)?
2, 5
Let i be (152/(-12) - -1)*150/25. Let s(c) = -c**2 + 3*c - 6. Let b be s(5). Let p = b - i. List the prime factors of p.
2, 3
Let m(x) be the second derivative of 20/3*x**3 + 0 - 24*x - 7/2*x**2. What are the prime factors of m(3)?
113
Suppose -4*q = -q + 1911. Let u = 951 + q. List the prime factors of u.
2, 157
Suppose 2*l = o + 119, 0 = 4*l - 4*o - 103 - 137. Let n = 137 - 74. Let r = l + n. List the prime factors of r.
2, 61
Suppose 19 = 5*r - w, -5*r + w - 5 = 6*w. Let m = 3822 + -3817. Suppose -2*z = r*t - 291, m*z - 7*t = -8*t + 708. List the prime factors of z.
3, 47
Suppose -11358 = 214*u - 217*u. List the prime factors of u.
2, 3, 631
Let p(z) = -5*z**2 + 26*z - 19. Let b(m) = 3*m**2 - 13*m + 10. Let a(k) = 7*b(k) + 4*p(k). Let l = 294 - 311. List the prime factors of a(l).
2, 31
Let r(t) = 9*t**2 - 9*t - 12. Let u be r(6). Suppose 5*k - u = g, g = 2*k + k - 156. What are the prime factors of k?
3, 17
Let o(n) be the second derivative of 5/12*n**4 - 4/3*n**3 - 5*n + 1/20*n**5 + 0 - 6*n**2. What are the prime factors of o(-3)?
2, 3, 5
Let i be 108/28 + 15/7 + -2. Suppose -163 = -3*l + o, -l = i*o - 4 - 46. What are the prime factors of l?
2, 3
Suppose 3*d + 2*a + 334 = 0, 0*a = -3*a + 12. Let b = -276 + 214. Let p = b - d. What are the prime factors of p?
2, 13
Let o(d) = 34*d + 42. Let p be o(21). Suppose -4*h = 5*h - p. What are the prime factors of (-3)/(9/(-12)) - h/(-1)?
2, 11
List the prime factors of ((-3)/15)/((2/4)/((-1915925)/110)).
6967
Suppose 650 = 5*u + 4*l, 4*u - u - 390 = 3*l. Suppose -3*g + 16*s - 13*s = -18, 4 = 3*g + 4*s. List the prime factors of u/g - (-1 - (-1)/(-2)).
2, 17
Let p(q) = 22*q**3 + 12*q**2 - 30*q + 22. List the prime factors of p(6).
2, 7, 359
Let m = 126 - 114. Suppose -9*b + m*b = 693. What are the prime factors of b?
3, 7, 11
Let o(h) = -75*h - 474. List the prime factors of o(-46).
2, 3, 31
Suppose 5*y - 7 = -4*r, -2*y + 3*r = 6*r. Suppose 400 - 3531 = -4*p - m, y*p = 2*m + 2362. List the prime factors of p.
2, 7
Suppose 3*s + 4*l = 20, 4*s + 2*l - l = 18. Suppose 535 = -s*g + 9*g. List the prime factors of g.
107
Suppose 69788 + 74729 = 17*j. What are the prime factors of j?
8501
Let o be (315 - 7) + 6 + 1. Suppose 146*p = 145*p + o. What are the prime factors of p?
3, 5, 7
Let j be ((-2)/(-4))/((-8)/(-123440)) + 3. Suppose 33322 = 37*t + j. What are the prime factors of t?
2, 173
Suppose -4*n = 3*x - 17, 2 = -2*x + 5*n - 2. List the prime factors of (((-366)/(-15))/(-1))/(x/(-15)).
2, 61
Suppose 2*i + 15*i = 219756 + 78577. What are the prime factors of i?
7, 23, 109
Let u be 1 - (-664)/22 - 60/330. List the prime factors of (33/2 + 0)/(u/434).
3, 7, 11
Suppose 4*g - 5*z - 85467 = 0, 2*z + 55528 = 3*g - 8567. List the prime factors of g.
3, 7121
Let o(b) = 11*b**2 + 203*b - 719. What are the prime factors of o(-67)?
35059
Let a(n) = 3*n**3 + n**2 - n + 1. Let y = -29 + 30. Let h be a(y). Suppose 375 = h*v - 141. List the prime factors of v.
3, 43
Let r(t) = -18*t - 109. Let j(a) = -3. Let l(v) = 4*j(v) + r(v). List the prime factors of l(-19).
13, 17
Suppose -177724 - 27400 = -38*x. List the prime factors of x.
2, 2699
Suppose -229*a - 160*a + 41055974 = 12656640. List the prime factors of a.
2, 173, 211
Suppose 8*z - 314 - 4950 = 0. Suppose -4194 = -17*c - z. List the prime factors of c.
2, 13
Let f(g) = 3*g - 10. Let u be f(7). Suppose 5*q + u = 26. Suppose 0 = -q*o + 2*o + 173. List the prime factors of o.
173
Let o = 0 + -213. Let b = -192 - o. List the prime factors of b.
3, 7
What are the prime factors of 8/(-10) - (-210936768)/3360?
2, 3, 10463
Let q = 152 + -147. Suppose q*j = 942 + 1868. List the prime factors of j.
2, 281
Suppose -13*z - 26*z = -195. Suppose 499 - 38 = 5*v + 4*y, -z*y = 4*v - 376. What are the prime factors of v?
89
Suppose 29840 -